at is the remainder when 42233295 is divided by 103?
102
Calculate the remainder when 1144267 is divided by 46.
17
Calculate the remainder when 11964866 is divided by 144151.
333
What is the remainder when 73970378 is divided by 76?
34
What is the remainder when 35727829 is divided by 57812?
13
What is the remainder when 4901432 is divided by 288319?
9
Calculate the remainder when 13955 is divided by 426.
323
Calculate the remainder when 1249963 is divided by 1249930.
33
Calculate the remainder when 1017949 is divided by 15905.
29
Calculate the remainder when 16960687 is divided by 266.
261
What is the remainder when 26722 is divided by 12580?
1562
What is the remainder when 20492 is divided by 168?
164
What is the remainder when 1488917 is divided by 199?
198
Calculate the remainder when 108010 is divided by 372.
130
Calculate the remainder when 173284 is divided by 429.
397
Calculate the remainder when 15385875 is divided by 242.
241
Calculate the remainder when 10269749 is divided by 2567399.
153
What is the remainder when 264499 is divided by 512?
307
What is the remainder when 578272 is divided by 60?
52
What is the remainder when 1349873 is divided by 139?
44
What is the remainder when 383729 is divided by 531?
347
Calculate the remainder when 340224 is divided by 133.
10
Calculate the remainder when 797097 is divided by 2013.
1962
What is the remainder when 77963 is divided by 19447?
175
Calculate the remainder when 635148 is divided by 6415.
63
Calculate the remainder when 14027870 is divided by 560.
430
What is the remainder when 28919 is divided by 2963?
2252
Calculate the remainder when 26254 is divided by 560.
494
Calculate the remainder when 55622 is divided by 1856.
1798
Calculate the remainder when 114189 is divided by 28410.
549
What is the remainder when 3840755 is divided by 51210?
5
What is the remainder when 1731170 is divided by 12728?
162
What is the remainder when 200409796 is divided by 1467?
1459
What is the remainder when 1798256 is divided by 15111?
47
What is the remainder when 6766466 is divided by 100?
66
What is the remainder when 11411678 is divided by 190194?
38
Calculate the remainder when 108132 is divided by 207.
78
Calculate the remainder when 3940355 is divided by 6044.
5711
What is the remainder when 13810713 is divided by 18?
15
Calculate the remainder when 96619314 is divided by 32206437.
3
Calculate the remainder when 26163521 is divided by 5232703.
6
Calculate the remainder when 206510617 is divided by 28293.
10
Calculate the remainder when 62790419 is divided by 183.
8
What is the remainder when 168863 is divided by 10550?
63
What is the remainder when 13487588 is divided by 426?
2
Calculate the remainder when 1738800 is divided by 3324.
348
Calculate the remainder when 95828 is divided by 95704.
124
Calculate the remainder when 665763 is divided by 19019.
98
Calculate the remainder when 25952 is divided by 656.
368
Calculate the remainder when 584836 is divided by 292399.
38
Calculate the remainder when 235573 is divided by 2356.
2329
Calculate the remainder when 15056646 is divided by 188208.
6
What is the remainder when 13784 is divided by 223?
181
Calculate the remainder when 515632 is divided by 2673.
2416
What is the remainder when 9373073 is divided by 1618?
1617
Calculate the remainder when 312348 is divided by 312275.
73
Calculate the remainder when 352915 is divided by 88051.
711
Calculate the remainder when 64299746 is divided by 155.
11
Calculate the remainder when 450134428 is divided by 30.
28
What is the remainder when 43139 is divided by 19501?
4137
What is the remainder when 1345793 is divided by 38?
23
What is the remainder when 12502356 is divided by 7350?
6
Calculate the remainder when 3122037 is divided by 415.
407
Calculate the remainder when 2040665570 is divided by 2859.
2858
What is the remainder when 99925 is divided by 1477?
966
What is the remainder when 3838888 is divided by 5216?
5128
What is the remainder when 209142 is divided by 4527?
900
Calculate the remainder when 6371272 is divided by 682.
28
What is the remainder when 467572 is divided by 93511?
17
What is the remainder when 26696933 is divided by 72?
53
Calculate the remainder when 2572800 is divided by 27082.
10
Calculate the remainder when 9682958 is divided by 1142.
1082
What is the remainder when 80748 is divided by 4?
0
What is the remainder when 820246 is divided by 745?
1
Calculate the remainder when 89714 is divided by 629.
396
What is the remainder when 40774 is divided by 5046?
406
What is the remainder when 23861904 is divided by 93?
57
Calculate the remainder when 162815 is divided by 81013.
789
What is the remainder when 6328934 is divided by 632893?
4
Calculate the remainder when 21521263 is divided by 37.
28
Calculate the remainder when 4134485 is divided by 374.
289
Calculate the remainder when 260686 is divided by 3602.
1342
What is the remainder when 972704 is divided by 243176?
0
What is the remainder when 939700 is divided by 446?
424
What is the remainder when 624155 is divided by 518?
483
Calculate the remainder when 279821 is divided by 167.
96
What is the remainder when 665048 is divided by 3800?
48
Calculate the remainder when 10150938 is divided by 3.
0
What is the remainder when 3113712 is divided by 2544?
2400
What is the remainder when 875545 is divided by 186?
43
Calculate the remainder when 9227481 is divided by 66.
21
Calculate the remainder when 301191 is divided by 2510.
2501
Calculate the remainder when 144875491 is divided by 837.
835
What is the remainder when 55466 is divided by 2519?
48
What is the remainder when 102889837 is divided by 8879?
8864
Calculate the remainder when 620591 is divided by 2586.
2537
Calculate the remainder when 485802 is divided by 723.
669
What is the remainder when 10220372 is divided by 5110157?
58
Calculate the remainder when 395756 is divided by 80.
76
Calculate the remainder when 1276835 is divided by 618.
47
What is the remainder when 2956202 is divided by 19840?
42
Calculate the remainder when 74964 is divided by 74307.
657
What is the remainder when 4250392 is divided by 93?
13
Calculate the remainder when 79994 is divided by 909.
2
Calculate the remainder when 76047 is divided by 458.
19
What is the remainder when 114514190 is divided by 136815?
35
What is the remainder when 1126651 is divided by 281625?
151
What is the remainder when 29401 is divided by 9704?
289
Calculate the remainder when 5761902 is divided by 823120.
62
Calculate the remainder when 10246329 is divided by 1454.
1445
What is the remainder when 2742 is divided by 2665?
77
Calculate the remainder when 103238 is divided by 1564.
14
Calculate the remainder when 8781499 is divided by 10.
9
Calculate the remainder when 1564545 is divided by 1574.
1563
Calculate the remainder when 1092725 is divided by 3768.
5
What is the remainder when 1341883 is divided by 1856?
1851
What is the remainder when 676958 is divided by 23342?
40
What is the remainder when 293304 is divided by 13330?
44
What is the remainder when 15095478 is divided by 5031805?
63
What is the remainder when 841762 is divided by 7868?
7754
What is the remainder when 36475 is divided by 4559?
3
Calculate the remainder when 2985898 is divided by 370.
368
Calculate the remainder when 20843196 is divided by 4.
0
What is the remainder when 66647 is divided by 66120?
527
What is the remainder when 685091 is divided by 62265?
176
Calculate the remainder when 90279 is divided by 90191.
88
Calculate the remainder when 18687426 is divided by 1451.
1448
What is the remainder when 81131 is divided by 26543?
1502
What is the remainder when 152302 is divided by 7008?
5134
Calculate the remainder when 335600 is divided by 41930.
160
What is the remainder when 29536960 is divided by 29536949?
11
What is the remainder when 1492647 is divided by 6069?
5742
Calculate the remainder when 71779 is divided by 1213.
212
Calculate the remainder when 9493589 is divided by 13.
1
What is the remainder when 41718218 is divided by 13906071?
5
Calculate the remainder when 77845256 is divided by 9.
8
Calculate the remainder when 1174078 is divided by 520.
438
Calculate the remainder when 5762407 is divided by 1440584.
71
Calculate the remain